0 and 1712290.
830
Calculate the highest common factor of 31880 and 72.
8
Calculate the highest common divisor of 2151 and 3879.
9
Calculate the greatest common factor of 569142 and 126.
126
What is the highest common divisor of 2899 and 1079?
13
Calculate the greatest common divisor of 87120 and 500.
20
Calculate the greatest common factor of 368 and 248998.
46
Calculate the greatest common divisor of 20303 and 2827.
257
What is the greatest common divisor of 31353 and 189?
21
What is the greatest common factor of 7 and 50533?
7
Calculate the highest common factor of 163994 and 334.
334
What is the greatest common divisor of 1508 and 309972?
52
Calculate the highest common divisor of 6794 and 7138.
86
Calculate the greatest common divisor of 153094 and 6.
2
What is the highest common divisor of 539 and 4004?
77
Calculate the greatest common factor of 64 and 90144.
32
Calculate the highest common factor of 3211 and 513.
19
Calculate the greatest common factor of 18 and 2159334.
18
Calculate the greatest common factor of 224 and 159971.
7
Calculate the highest common divisor of 830 and 730.
10
What is the highest common divisor of 191968 and 40?
8
Calculate the highest common divisor of 18727 and 12587.
307
Calculate the highest common factor of 209 and 152361.
209
Calculate the greatest common factor of 1026 and 2546.
38
What is the highest common divisor of 1118633 and 1165?
233
What is the greatest common divisor of 15968 and 512?
32
What is the highest common factor of 137250 and 21?
3
What is the greatest common divisor of 702 and 44499?
39
What is the greatest common divisor of 1506 and 3047391?
753
Calculate the greatest common factor of 27937 and 91.
91
Calculate the greatest common divisor of 87168 and 5856.
96
Calculate the greatest common factor of 32 and 374488.
8
Calculate the greatest common factor of 26 and 207740.
26
What is the greatest common factor of 6943 and 7860?
131
Calculate the greatest common factor of 630180 and 20.
20
What is the highest common divisor of 82728 and 20?
4
What is the highest common divisor of 34289 and 119?
17
Calculate the greatest common factor of 2 and 8267.
1
What is the highest common divisor of 588528 and 6344?
488
What is the greatest common divisor of 1960860 and 120?
60
Calculate the greatest common factor of 64133 and 236.
59
Calculate the greatest common divisor of 160 and 45505.
5
What is the greatest common divisor of 126220 and 60?
20
What is the highest common factor of 9261 and 56?
7
Calculate the highest common divisor of 72 and 167376.
24
Calculate the highest common factor of 33040 and 531.
59
Calculate the greatest common factor of 390 and 62660.
130
Calculate the highest common factor of 84160 and 1060.
20
Calculate the highest common divisor of 405 and 111240.
135
What is the highest common divisor of 149592 and 744?
24
What is the highest common divisor of 58472 and 6?
2
Calculate the highest common factor of 113 and 154697.
113
Calculate the greatest common factor of 92484 and 4032.
252
What is the highest common divisor of 3594 and 288?
6
What is the greatest common divisor of 630 and 1355?
5
What is the highest common divisor of 933637 and 262?
131
Calculate the greatest common factor of 100 and 4480.
20
Calculate the greatest common divisor of 2420 and 18740.
20
Calculate the highest common factor of 297 and 938169.
27
What is the highest common divisor of 229150 and 10?
10
Calculate the greatest common factor of 1011755 and 85.
85
What is the highest common divisor of 270887 and 41?
41
What is the highest common factor of 90 and 117510?
30
Calculate the greatest common divisor of 2100785 and 335.
335
Calculate the highest common divisor of 825 and 3825.
75
Calculate the highest common divisor of 287 and 485030.
287
Calculate the greatest common factor of 2398291 and 21.
7
What is the greatest common divisor of 371 and 8519273?
371
Calculate the highest common factor of 10296 and 741.
39
Calculate the greatest common divisor of 89196 and 48.
12
What is the highest common divisor of 129822 and 1848?
462
What is the highest common divisor of 80 and 146680?
40
Calculate the greatest common factor of 905 and 1171975.
905
Calculate the highest common divisor of 13412 and 259618.
958
What is the greatest common factor of 15549 and 1349?
71
What is the highest common divisor of 105 and 124635?
105
Calculate the highest common divisor of 14819 and 3451.
203
Calculate the highest common factor of 131607 and 147.
21
What is the greatest common factor of 780996 and 1258?
74
Calculate the greatest common factor of 3 and 20571.
3
What is the greatest common divisor of 29970 and 34632?
666
Calculate the greatest common divisor of 104 and 329433.
13
Calculate the highest common factor of 5475 and 75.
75
What is the greatest common divisor of 141 and 2571?
3
What is the greatest common factor of 39245 and 43921?
167
Calculate the highest common divisor of 5 and 235.
5
Calculate the highest common divisor of 12 and 17562.
6
What is the greatest common factor of 1450 and 123946?
58
What is the greatest common divisor of 364 and 7748?
52
What is the highest common divisor of 4 and 85532?
4
Calculate the greatest common divisor of 56 and 1844.
4
Calculate the highest common factor of 4212120 and 88.
88
What is the highest common divisor of 74492 and 88?
44
What is the highest common divisor of 112395 and 35400?
885
What is the highest common divisor of 991248 and 4280?
856
Calculate the highest common factor of 175360 and 80.
80
Calculate the greatest common factor of 522 and 32418.
18
What is the highest common divisor of 22590 and 144?
18
What is the highest common divisor of 2340 and 75?
15
What is the greatest common divisor of 847 and 30149?
7
What is the highest common divisor of 5 and 58020?
5
Calculate the greatest common factor of 2856 and 87192.
168
Calculate the greatest common divisor of 3477 and 171.
57
Calculate the greatest common divisor of 11194 and 14282.
386
What is the highest common divisor of 24337931 and 493?
493
What is the highest common divisor of 395856 and 144?
144
Calculate the greatest common factor of 1204860 and 23817.
1401
Calculate the highest common divisor of 146 and 788.
2
What is the greatest common divisor of 67 and 108473?
67
Calculate the greatest common factor of 794989 and 26.
13
What is the highest common divisor of 1765 and 118961?
353
Calculate the greatest common factor of 692755 and 70.
35
Calculate the greatest common divisor of 1109450 and 10.
10
Calculate the greatest common factor of 9503075 and 25.
25
What is the highest common factor of 4806 and 216?
54
Calculate the greatest common divisor of 3059 and 47817.
161
What is the greatest common factor of 513 and 2430765?
171
Calculate the highest common divisor of 36099 and 10269.
63
What is the highest common divisor of 37109 and 6579?
43
What is the greatest common divisor of 38868 and 1032?
12
What is the highest common divisor of 427052 and 4430?
886
Calculate the highest common factor of 1080 and 120168.
72
What is the highest common factor of 248150 and 3350?
50
Calculate the greatest common factor of 77858 and 22.
22
What is the highest common factor of 6847 and 164?
41
Calculate the greatest common factor of 28 and 379036.
28
Calculate the greatest common divisor of 538216 and 3136.
392
What is the greatest common factor of 204 and 6610722?
102
Calculate the greatest common divisor of 1501 and 2299.
19
Calculate the greatest common factor of 25 and 283735.
5
Calculate the highest common divisor of 804 and 663.
3
What is the greatest common divisor of 13589 and 2921?
127
What is the highest common divisor of 288 and 1193904?
144
What is the highest common divisor of 4100 and 6724?
164
Calculate the greatest common factor of 224330 and 80.
10
What is the greatest common factor of 96 and 26428?
4
Calculate the greatest common factor of 5661 and 74.
37
Calculate the highest common divisor of 685 and 45347.
137
What is the greatest common divisor of 57735 and 7785?
45
Calculate the greatest common divisor of 400 and 123232.
16
Calculate the highest common divisor of 68977 and 368.
23
Calculate the greatest common factor of 311448 and 19.
19
What is the highest common factor of 9515 and 6